nd r.
15
Suppose 3*u - 4*u = 2*a - 49, 5*a - 2*u = 100. Suppose 2*s + a = 118. Suppose 3*o = 0, 5*k - 4*o = -0*k + 80. Calculate the highest common divisor of k and s.
16
Let m be 20 - 9 - 3/(-3). What is the greatest common factor of m and 132?
12
Let q(h) = 2*h**2 - 11*h + 16. Let y(o) = -o**2 + 6*o - 8. Let l(t) = 2*q(t) + 5*y(t). Let d be l(6). Calculate the highest common factor of d and 10.
2
Let g(s) = s**2 + 2*s**3 + 14 - 3*s**3 - 16. Let m be g(-2). What is the highest common factor of 30 and m?
10
Suppose -2*z + 30 + 108 = -h, 0 = 2*z - 3*h - 134. Calculate the greatest common factor of z and 14.
14
Let v(i) = 11*i**2 + 4*i. Let t be v(-2). What is the highest common divisor of t and 84?
12
Suppose -2*h - 128 = -328. Suppose 4*k = -12, 5*t + 2*k = t + 74. Calculate the greatest common divisor of h and t.
20
Suppose 1118 = 4*o + g, -4*o + 6*o - g = 562. Suppose -o = -0*c - 5*c. What is the highest common factor of 7 and c?
7
Suppose 44 = 7*j - 33. What is the greatest common factor of 11 and j?
11
Suppose 2*r = r + 7. Let c = 19 - r. Let q = -111 + 171. Calculate the highest common factor of c and q.
12
Let h be 1/(2 + 1)*78/2. Calculate the highest common divisor of h and 26.
13
Let d(h) = -h + 12. Let u be d(8). Calculate the highest common factor of u and 68.
4
Suppose -2*n + 27 + 11 = 0. Suppose -7 + 1 = -3*g. Suppose -5*z + 35 = -v + 135, 2*v - 188 = -g*z. What is the greatest common divisor of n and v?
19
Suppose 6*p - 2*p = 84. What is the greatest common divisor of 63 and p?
21
Let t be (0 - (-7)/(-3))*-21. Let r(c) = c**2 + 2*c + 4. Let m be r(-3). What is the greatest common divisor of t and m?
7
Let g = 215 - 196. Let r(f) be the first derivative of f**3/3 - f**2 + 3*f + 1. Let p be r(-5). Calculate the greatest common factor of p and g.
19
Suppose -4*o - 40 = -2*u - o, 0 = -5*u - 2*o + 81. Let c be ((-196)/(-10))/(3/(-45)). Let j = -175 - c. Calculate the greatest common factor of j and u.
17
Let j be (-6)/(-4)*(-6 + 24). Calculate the highest common divisor of 9 and j.
9
Let r(p) = p - 1. Let f be r(1). Let m = -1 + f. Let s be 3 + m - (-186)/3. Calculate the highest common factor of s and 8.
8
Let p = 118 - 72. Calculate the highest common factor of 69 and p.
23
Let i(j) = 3*j**2 + 9*j + 24. Let z be i(-8). Calculate the greatest common factor of z and 16.
16
Let m = 3 + 3. Let q = 6 - m. Suppose 0 = -2*j - q*j + 36. Calculate the highest common divisor of 18 and j.
18
Let h = -1 + 4. What is the greatest common divisor of 1 and h?
1
Suppose -4*m = -5*j + 5 + 61, j + m - 6 = 0. Let a(f) = -3*f + 3*f + 5*f. Let t be a(8). Calculate the greatest common divisor of j and t.
10
Let i(w) = -w + 17. Let x be i(11). Calculate the highest common factor of 30 and x.
6
Let t(u) = u + 3. Let d be t(-6). Let g = -3 - d. Suppose 0 = -g*s + 5*s - 210. Calculate the highest common factor of s and 6.
6
Suppose 11*g - 9 = 123. Calculate the highest common divisor of 48 and g.
12
Suppose -5*y + 120 = -y. Suppose y = -4*h + 102. Calculate the greatest common factor of h and 27.
9
Suppose -4*t + 140 = t. Suppose 3*d = t - 10. Suppose -3*q + 27 = 2*k, 0 = -3*q - 0*k + 2*k + 27. Calculate the greatest common factor of q and d.
3
Let x(z) be the first derivative of 3*z**2/2 - 9*z - 1. Let a be x(-9). Let v be (-20)/6*a/15. What is the greatest common divisor of 8 and v?
8
Suppose o = 5*n - 56, 0 = -n + o + 2 + 6. What is the greatest common divisor of n and 12?
12
Let x(r) = r**3 + 5*r**2 + 2*r - 3. Let t be x(-3). Suppose -4*p + t*p = s - 177, 4*s - 783 = -5*p. What is the greatest common divisor of s and 24?
24
Suppose 6*u - u - 33 = -3*t, -4*t + 5*u + 9 = 0. What is the greatest common factor of 60 and t?
6
Suppose -d + 3*j + 2*j = 2, -2*j + 4 = 0. Suppose -5*y - 3 = -43. What is the greatest common divisor of d and y?
8
Let u be -4*6/(-4)*2. Let y = u + -9. Calculate the highest common divisor of 1 and y.
1
Let j = -17 + -25. Let r = -14 - j. Calculate the greatest common divisor of 4 and r.
4
Let f be ((-22)/10)/((-10)/50). Let a be 1*(0 - 94/(-2)). Suppose -f = 3*v - a. What is the greatest common divisor of v and 4?
4
Suppose -3*p = -u + 3, 21 = 2*u + 4*p + 5. What is the highest common divisor of 18 and u?
6
Suppose 132 = r + 2*r. Let g(t) = -3*t + 1. Let j be g(-4). Suppose j = 4*b - 3. Calculate the greatest common divisor of r and b.
4
Let b = 17 - 23. Let u be 80/6 - (-2)/b. What is the highest common divisor of u and 52?
13
Suppose 0 = -9*l + 10*l - 33. Calculate the highest common factor of l and 3.
3
Suppose -5*d = -5*k - 15, 6*k = 3*d + k - 15. Suppose 3*o - 21 - 12 = d. Let r = -1 + 56. What is the highest common divisor of o and r?
11
Let q = 2 - 0. Suppose -q*b + 4*z = -7*b + 134, 5*b - 2*z - 158 = 0. Suppose -v + 72 = -3. What is the highest common divisor of v and b?
15
Let m = 98 + -33. What is the greatest common factor of m and 13?
13
Let n be (-2 + 0)*10*-1. Let b be 3*184/3 + (-6 - -2). What is the greatest common factor of b and n?
20
Suppose -48 = 3*k - 3*x, 0*k + 3*k + 42 = 5*x. Let r = 5 - k. What is the greatest common factor of r and 6?
6
Suppose -r + 15 = 4*r. Suppose -2*c = r*c - 80. Suppose -10 = -4*v + 5*p + 155, 2*p + 162 = 4*v. What is the highest common factor of c and v?
8
Suppose 2*s - 36 = s. What is the greatest common divisor of s and 90?
18
Let o(w) = w + 5. Let x be o(4). Let f(g) = -2*g + 1. Let u be f(1). Let s be u*3/(2 - 5). Calculate the greatest common factor of x and s.
1
Let b be (-2)/(-9) - (-2764)/36. Suppose 0 = 3*c - 4*v - 5, -4*c - 2*v = -21 - 15. What is the greatest common factor of c and b?
7
Suppose -7 = -2*r + 47. Let f = r + -18. Let c(n) = 17*n + 2. Let l be c(2). What is the greatest common divisor of l and f?
9
Let d(i) = -i**2 + 6*i - 4. Let j be d(4). Suppose -15 = t - j*t. Calculate the greatest common divisor of 2 and t.
1
Let b be 1/2*(0 - -112). Let p(g) = 3*g**2 - g + 4. Let h be p(2). Calculate the highest common divisor of b and h.
14
Let g = -259 - -399. Let z = 20 + -6. Calculate the highest common divisor of g and z.
14
Let v be (-61 - 1)/(-2) + -2. Let z = -15 + v. Calculate the highest common divisor of z and 7.
7
Suppose 25 = -0*m + m. Let y(x) = -224*x**3 + 4*x + 5. Let s be y(-1). Calculate the highest common factor of m and s.
25
Let l(w) = -3*w**2 - 5*w + 2. Let m be l(-5). Let z(p) = p**2 - 11*p + 3. Let f be z(6). Let i = f - m. What is the greatest common factor of 7 and i?
7
Suppose -5*d - 2*u = 3*u - 305, 0 = 2*u + 8. Calculate the greatest common divisor of d and 26.
13
Let o = -1 + 13. What is the highest common factor of 84 and o?
12
Let q = 14 - 11. Suppose -5*c + 4*c + q*x = -32, 0 = -4*c + 4*x + 120. Calculate the highest common divisor of c and 116.
29
Suppose -11 = -5*q - 1. Let n(y) = y**2 + 5*y + 6. Let s be n(-4). Suppose 17 = z - q*o + 1, -s*z + 17 = -o. Calculate the highest common factor of z and 24.
6
Let i(v) = -6*v**2 + 3*v - 5. Let r(g) = 7*g**2 - 2*g + 6. Let u(f) = 6*i(f) + 5*r(f). Let z be u(6). What is the greatest common factor of z and 108?
12
Let y(u) = -17*u**2 + 1. Let z be y(1). Let w(h) = -h**2 - 19*h - 24. Let g be w(z). What is the greatest common factor of g and 12?
12
Let z = -4 + 84. Suppose -3*i = -6*i + 9. Suppose 5*r - 150 = -5*q, -i*r + 5*q = q - 104. Calculate the greatest common divisor of z and r.
16
Let q be 3/(27/(-12))*-12. Let i(t) = -71*t + 2. Let b be i(-2). Calculate the highest common divisor of q and b.
16
Let z be (2 - 5)*(-11 - 0). Suppose 2*y - 5*s = 60, -4*s - z = -2*y + 29. Let x = -17 + y. Calculate the highest common divisor of x and 36.
18
Let h(s) = -3*s - 8. Let d be (7/4)/(2/(-8)). Let f be h(d). Calculate the greatest common divisor of f and 91.
13
Suppose -5*z + 2 = -k, 3*k - 18 = -0*k + 3*z. What is the highest common divisor of k and 232?
8
Let m(t) = -2*t - 1. Let c be m(-2). Suppose -6 = -n + 4*n - 4*o, -5*n = 5*o + 10. Let i = n + c. What is the highest common factor of 7 and i?
1
Let f = -10 + 15. Suppose 3*v = 7 + f. Calculate the highest common divisor of 8 and v.
4
Let m(b) = -6*b + 8. Let t be m(-6). Suppose -t = -3*x + 2*x. What is the highest common factor of x and 4?
4
Suppose -2 = -h, h - 42 = -4*f - 0*h. Let n = -1 + 1. Suppose -5*t + 400 = -n*t. What is the highest common